{"id":21,"date":"2016-02-21T01:22:51","date_gmt":"2016-02-21T00:22:51","guid":{"rendered":"http:\/\/transnez.opx.pl\/?page_id=21"},"modified":"2017-04-16T00:55:49","modified_gmt":"2017-04-16T00:55:49","slug":"o-firmie","status":"publish","type":"page","link":"http:\/\/trans-nez.pl\/?page_id=21","title":{"rendered":"O Firmie"},"content":{"rendered":"<p>Firma nasza istnieje nieustannie na rynku przewozowym od 1995 r. Przez ca\u0142y ten okres stale dbamy o podnoszenie swoich kwalifikacji oraz jako\u015bci oferowanych przez nas us\u0142ug. Oferujemy indywidualne i grupowe przejazdy komfortowymi autokarami marki Mercedes. Posiadamy wszystkie niezb\u0119dne dokumenty i zezwolenia umo\u017cliwiaj\u0105ce realizowanie tego typu dzia\u0142alno\u015bci. Us\u0142ugi nasze realizowane s\u0105 w oparciu o licencj\u0119 wsp\u00f3lnotow\u0105 na wykonywanie mi\u0119dzynarodowego transportu drogowego oraz certyfikat kompetencji zawodowych w mi\u0119dzynarodowym transporcie drogowym os\u00f3b.<\/p>\n<p>&nbsp;<\/p>\n","protected":false},"excerpt":{"rendered":"<p>Firma nasza istnieje nieustannie na rynku przewozowym od 1995 r. Przez ca\u0142y ten okres stale dbamy o podnoszenie swoich kwalifikacji oraz jako\u015bci oferowanych przez nas us\u0142ug. Oferujemy indywidualne i grupowe przejazdy komfortowymi autokarami marki Mercedes. Posiadamy wszystkie niezb\u0119dne dokumenty i zezwolenia umo\u017cliwiaj\u0105ce realizowanie tego typu dzia\u0142alno\u015bci. Us\u0142ugi nasze realizowane s\u0105 w oparciu o licencj\u0119 wsp\u00f3lnotow\u0105<\/p>\n","protected":false},"author":1,"featured_media":0,"parent":0,"menu_order":1,"comment_status":"closed","ping_status":"closed","template":"fullwidth.php","meta":{"footnotes":""},"class_list":["post-21","page","type-page","status-publish","hentry"],"_links":{"self":[{"href":"http:\/\/trans-nez.pl\/index.php?rest_route=\/wp\/v2\/pages\/21","targetHints":{"allow":["GET"]}}],"collection":[{"href":"http:\/\/trans-nez.pl\/index.php?rest_route=\/wp\/v2\/pages"}],"about":[{"href":"http:\/\/trans-nez.pl\/index.php?rest_route=\/wp\/v2\/types\/page"}],"author":[{"embeddable":true,"href":"http:\/\/trans-nez.pl\/index.php?rest_route=\/wp\/v2\/users\/1"}],"replies":[{"embeddable":true,"href":"http:\/\/trans-nez.pl\/index.php?rest_route=%2Fwp%2Fv2%2Fcomments&post=21"}],"version-history":[{"count":8,"href":"http:\/\/trans-nez.pl\/index.php?rest_route=\/wp\/v2\/pages\/21\/revisions"}],"predecessor-version":[{"id":231,"href":"http:\/\/trans-nez.pl\/index.php?rest_route=\/wp\/v2\/pages\/21\/revisions\/231"}],"wp:attachment":[{"href":"http:\/\/trans-nez.pl\/index.php?rest_route=%2Fwp%2Fv2%2Fmedia&parent=21"}],"curies":[{"name":"wp","href":"https:\/\/api.w.org\/{rel}","templated":true}]}}

<p>Firma nasza istnieje nieustannie na rynku przewozowym od 1995 r. Przez cały ten okres stale dbamy o podnoszenie swoich kwalifikacji oraz jakości oferowanych przez nas usług. Oferujemy indywidualne i grupowe przejazdy komfortowymi autokarami marki Mercedes. Posiadamy wszystkie niezbędne dokumenty i zezwolenia umożliwiające realizowanie tego typu działalności. Usługi nasze realizowane są w oparciu o licencję wspólnotową na wykonywanie międzynarodowego transportu drogowego oraz certyfikat kompetencji zawodowych w międzynarodowym transporcie drogowym osób.</p>
<p>&nbsp;</p>

<p>Firma nasza istnieje nieustannie na rynku przewozowym od 1995 r. Przez cały ten okres stale dbamy o podnoszenie swoich kwalifikacji oraz jakości oferowanych przez nas usług. Oferujemy indywidualne i grupowe przejazdy komfortowymi autokarami marki Mercedes. Posiadamy wszystkie niezbędne dokumenty i zezwolenia umożliwiające realizowanie tego typu działalności. Usługi nasze realizowane są w oparciu o licencję wspólnotową</p>
